{"id":12325,"date":"2025-01-21T10:06:13","date_gmt":"2025-01-21T07:06:13","guid":{"rendered":"https:\/\/izeltas.com.tr\/?post_type=bayiler&#038;p=12325"},"modified":"2025-01-21T10:06:13","modified_gmt":"2025-01-21T07:06:13","slug":"yusuf-abis-ins-gida-tekstil-mak-turz-san-ve-tic-ltd-sti","status":"publish","type":"bayiler","link":"https:\/\/izeltas.com.tr\/en\/bayiler\/yusuf-abis-ins-gida-tekstil-mak-turz-san-ve-tic-ltd-sti\/","title":{"rendered":"YUSUF AB\u0130\u015e \u0130N\u015e.GIDA.TEKST\u0130L.MAK.TURZ.SAN VE T\u0130\u00c7.LTD.\u015eT\u0130"},"content":{"rendered":"<p class=\"qtranxs-available-languages-message qtranxs-available-languages-message-en\">Sorry, this entry is only available in <a href=\"https:\/\/izeltas.com.tr\/tr\/wp-json\/wp\/v2\/bayiler\/12325\" class=\"qtranxs-available-language-link qtranxs-available-language-link-tr\" title=\"TR\">TR<\/a>.<\/p><p><\/p>\n<table style=\"width: 21.0664%; height: 60px;\" width=\"301\">\n<tbody>\n<tr>\n<td width=\"301\">Eskikale Midyat Cad. \u00dczeri No:27 47200<\/p>\n<p><a href=\"tel:+905425224754\">05425224754<\/a><\/td>\n<\/tr>\n<\/tbody>\n<\/table>\n<p><\/p>","protected":false},"featured_media":0,"template":"","class_list":["post-12325","bayiler","type-bayiler","status-publish","hentry"],"acf":[],"yoast_head":"<!-- This site is optimized with the Yoast SEO plugin v25.3 - https:\/\/yoast.com\/wordpress\/plugins\/seo\/ -->\n<title><\/title>\n<meta name=\"robots\" content=\"index, follow, max-snippet:-1, max-image-preview:large, max-video-preview:-1\" \/>\n<link rel=\"canonical\" href=\"https:\/\/izeltas.com.tr\/bayiler\/yusuf-abis-ins-gida-tekstil-mak-turz-san-ve-tic-ltd-sti\/\" \/>\n<meta property=\"og:locale\" content=\"en_US\" \/>\n<meta property=\"og:type\" content=\"article\" \/>\n<meta property=\"og:title\" content=\"[:tr]YUSUF AB\u0130\u015e \u0130N\u015e.GIDA.TEKST\u0130L.MAK.TURZ.SAN VE T\u0130\u00c7.LTD.\u015eT\u0130 [:] - \u0130ZELTA\u015e\" \/>\n<meta property=\"og:description\" content=\"Sorry, this entry is only available in TR. Eskikale Midyat Cad. \u00dczeri No:27 47200 05425224754\" \/>\n<meta property=\"og:url\" content=\"https:\/\/izeltas.com.tr\/bayiler\/yusuf-abis-ins-gida-tekstil-mak-turz-san-ve-tic-ltd-sti\/\" \/>\n<meta property=\"og:site_name\" content=\"\u0130ZELTA\u015e\" \/>\n<meta name=\"twitter:card\" content=\"summary_large_image\" \/>\n<script type=\"application\/ld+json\" class=\"yoast-schema-graph\">{\"@context\":\"https:\/\/schema.org\",\"@graph\":[{\"@type\":\"WebPage\",\"@id\":\"https:\/\/izeltas.com.tr\/bayiler\/yusuf-abis-ins-gida-tekstil-mak-turz-san-ve-tic-ltd-sti\/\",\"url\":\"https:\/\/izeltas.com.tr\/bayiler\/yusuf-abis-ins-gida-tekstil-mak-turz-san-ve-tic-ltd-sti\/\",\"name\":\"[:tr]YUSUF AB\u0130\u015e \u0130N\u015e.GIDA.TEKST\u0130L.MAK.TURZ.SAN VE T\u0130\u00c7.LTD.\u015eT\u0130 [:] - \u0130ZELTA\u015e\",\"isPartOf\":{\"@id\":\"https:\/\/izeltas.com.tr\/#website\"},\"datePublished\":\"2025-01-21T07:06:13+00:00\",\"breadcrumb\":{\"@id\":\"https:\/\/izeltas.com.tr\/bayiler\/yusuf-abis-ins-gida-tekstil-mak-turz-san-ve-tic-ltd-sti\/#breadcrumb\"},\"inLanguage\":\"en-US\",\"potentialAction\":[{\"@type\":\"ReadAction\",\"target\":[\"https:\/\/izeltas.com.tr\/bayiler\/yusuf-abis-ins-gida-tekstil-mak-turz-san-ve-tic-ltd-sti\/\"]}]},{\"@type\":\"BreadcrumbList\",\"@id\":\"https:\/\/izeltas.com.tr\/bayiler\/yusuf-abis-ins-gida-tekstil-mak-turz-san-ve-tic-ltd-sti\/#breadcrumb\",\"itemListElement\":[{\"@type\":\"ListItem\",\"position\":1,\"name\":\"Anasayfa\",\"item\":\"https:\/\/izeltas.com.tr\/\"},{\"@type\":\"ListItem\",\"position\":2,\"name\":\"Bayiler\",\"item\":\"https:\/\/izeltas.com.tr\/bayiler\/\"},{\"@type\":\"ListItem\",\"position\":3,\"name\":\"YUSUF AB\u0130\u015e \u0130N\u015e.GIDA.TEKST\u0130L.MAK.TURZ.SAN VE T\u0130\u00c7.LTD.\u015eT\u0130\"}]},{\"@type\":\"WebSite\",\"@id\":\"https:\/\/izeltas.com.tr\/#website\",\"url\":\"https:\/\/izeltas.com.tr\/\",\"name\":\"\u0130ZELTA\u015e\",\"description\":\"\u0130ZM\u0130R EL ALETLER\u0130 SANAY\u0130 VE T\u0130CARET A\u015e\",\"publisher\":{\"@id\":\"https:\/\/izeltas.com.tr\/#organization\"},\"potentialAction\":[{\"@type\":\"SearchAction\",\"target\":{\"@type\":\"EntryPoint\",\"urlTemplate\":\"https:\/\/izeltas.com.tr\/?s={search_term_string}\"},\"query-input\":{\"@type\":\"PropertyValueSpecification\",\"valueRequired\":true,\"valueName\":\"search_term_string\"}}],\"inLanguage\":\"en-US\"},{\"@type\":\"Organization\",\"@id\":\"https:\/\/izeltas.com.tr\/#organization\",\"name\":\"\u0130ZELTA\u015e\",\"url\":\"https:\/\/izeltas.com.tr\/\",\"logo\":{\"@type\":\"ImageObject\",\"inLanguage\":\"en-US\",\"@id\":\"https:\/\/izeltas.com.tr\/#\/schema\/logo\/image\/\",\"url\":\"https:\/\/izeltas.com.tr\/wp-content\/uploads\/2020\/12\/izeltas-logo.svg\",\"contentUrl\":\"https:\/\/izeltas.com.tr\/wp-content\/uploads\/2020\/12\/izeltas-logo.svg\",\"width\":1,\"height\":1,\"caption\":\"\u0130ZELTA\u015e\"},\"image\":{\"@id\":\"https:\/\/izeltas.com.tr\/#\/schema\/logo\/image\/\"}}]}<\/script>\n<!-- \/ Yoast SEO plugin. -->","yoast_head_json":{"title":"[:tr]YUSUF AB\u0130\u015e \u0130N\u015e.GIDA.TEKST\u0130L.MAK.TURZ.SAN VE T\u0130\u00c7.LTD.\u015eT\u0130 [:] - \u0130ZELTA\u015e","robots":{"index":"index","follow":"follow","max-snippet":"max-snippet:-1","max-image-preview":"max-image-preview:large","max-video-preview":"max-video-preview:-1"},"canonical":"https:\/\/izeltas.com.tr\/bayiler\/yusuf-abis-ins-gida-tekstil-mak-turz-san-ve-tic-ltd-sti\/","og_locale":"en_US","og_type":"article","og_title":"[:tr]YUSUF AB\u0130\u015e \u0130N\u015e.GIDA.TEKST\u0130L.MAK.TURZ.SAN VE T\u0130\u00c7.LTD.\u015eT\u0130 [:] - \u0130ZELTA\u015e","og_description":"Sorry, this entry is only available in TR. Eskikale Midyat Cad. \u00dczeri No:27 47200 05425224754","og_url":"https:\/\/izeltas.com.tr\/bayiler\/yusuf-abis-ins-gida-tekstil-mak-turz-san-ve-tic-ltd-sti\/","og_site_name":"\u0130ZELTA\u015e","twitter_card":"summary_large_image","schema":{"@context":"https:\/\/schema.org","@graph":[{"@type":"WebPage","@id":"https:\/\/izeltas.com.tr\/bayiler\/yusuf-abis-ins-gida-tekstil-mak-turz-san-ve-tic-ltd-sti\/","url":"https:\/\/izeltas.com.tr\/bayiler\/yusuf-abis-ins-gida-tekstil-mak-turz-san-ve-tic-ltd-sti\/","name":"[:tr]YUSUF AB\u0130\u015e \u0130N\u015e.GIDA.TEKST\u0130L.MAK.TURZ.SAN VE T\u0130\u00c7.LTD.\u015eT\u0130 [:] - \u0130ZELTA\u015e","isPartOf":{"@id":"https:\/\/izeltas.com.tr\/#website"},"datePublished":"2025-01-21T07:06:13+00:00","breadcrumb":{"@id":"https:\/\/izeltas.com.tr\/bayiler\/yusuf-abis-ins-gida-tekstil-mak-turz-san-ve-tic-ltd-sti\/#breadcrumb"},"inLanguage":"en-US","potentialAction":[{"@type":"ReadAction","target":["https:\/\/izeltas.com.tr\/bayiler\/yusuf-abis-ins-gida-tekstil-mak-turz-san-ve-tic-ltd-sti\/"]}]},{"@type":"BreadcrumbList","@id":"https:\/\/izeltas.com.tr\/bayiler\/yusuf-abis-ins-gida-tekstil-mak-turz-san-ve-tic-ltd-sti\/#breadcrumb","itemListElement":[{"@type":"ListItem","position":1,"name":"Anasayfa","item":"https:\/\/izeltas.com.tr\/"},{"@type":"ListItem","position":2,"name":"Bayiler","item":"https:\/\/izeltas.com.tr\/bayiler\/"},{"@type":"ListItem","position":3,"name":"YUSUF AB\u0130\u015e \u0130N\u015e.GIDA.TEKST\u0130L.MAK.TURZ.SAN VE T\u0130\u00c7.LTD.\u015eT\u0130"}]},{"@type":"WebSite","@id":"https:\/\/izeltas.com.tr\/#website","url":"https:\/\/izeltas.com.tr\/","name":"\u0130ZELTA\u015e","description":"\u0130ZM\u0130R EL ALETLER\u0130 SANAY\u0130 VE T\u0130CARET A\u015e","publisher":{"@id":"https:\/\/izeltas.com.tr\/#organization"},"potentialAction":[{"@type":"SearchAction","target":{"@type":"EntryPoint","urlTemplate":"https:\/\/izeltas.com.tr\/?s={search_term_string}"},"query-input":{"@type":"PropertyValueSpecification","valueRequired":true,"valueName":"search_term_string"}}],"inLanguage":"en-US"},{"@type":"Organization","@id":"https:\/\/izeltas.com.tr\/#organization","name":"\u0130ZELTA\u015e","url":"https:\/\/izeltas.com.tr\/","logo":{"@type":"ImageObject","inLanguage":"en-US","@id":"https:\/\/izeltas.com.tr\/#\/schema\/logo\/image\/","url":"https:\/\/izeltas.com.tr\/wp-content\/uploads\/2020\/12\/izeltas-logo.svg","contentUrl":"https:\/\/izeltas.com.tr\/wp-content\/uploads\/2020\/12\/izeltas-logo.svg","width":1,"height":1,"caption":"\u0130ZELTA\u015e"},"image":{"@id":"https:\/\/izeltas.com.tr\/#\/schema\/logo\/image\/"}}]}},"_links":{"self":[{"href":"https:\/\/izeltas.com.tr\/en\/wp-json\/wp\/v2\/bayiler\/12325","targetHints":{"allow":["GET"]}}],"collection":[{"href":"https:\/\/izeltas.com.tr\/en\/wp-json\/wp\/v2\/bayiler"}],"about":[{"href":"https:\/\/izeltas.com.tr\/en\/wp-json\/wp\/v2\/types\/bayiler"}],"wp:attachment":[{"href":"https:\/\/izeltas.com.tr\/en\/wp-json\/wp\/v2\/media?parent=12325"}],"curies":[{"name":"wp","href":"https:\/\/api.w.org\/{rel}","templated":true}]}}

YUSUF ABİŞ İNŞ.GIDA.TEKSTİL.MAK.TURZ.SAN VE TİÇ.LTD.ŞTİ

<p class="qtranxs-available-languages-message qtranxs-available-languages-message-en">Sorry, this entry is only available in <a href="https://izeltas.com.tr/tr/wp-json/wp/v2/bayiler/12325" class="qtranxs-available-language-link qtranxs-available-language-link-tr" title="TR">TR</a>.</p><p></p>
<table style="width: 21.0664%; height: 60px;" width="301">
<tbody>
<tr>
<td width="301">Eskikale Midyat Cad. Üzeri No:27 47200</p>
<p><a href="tel:+905425224754">05425224754</a></td>
</tr>
</tbody>
</table>
<p></p>

<!-- This site is optimized with the Yoast SEO plugin v25.3 - https://yoast.com/wordpress/plugins/seo/ -->
<title></title>
<meta name="robots" content="index, follow, max-snippet:-1, max-image-preview:large, max-video-preview:-1" />
<link rel="canonical" href="https://izeltas.com.tr/bayiler/yusuf-abis-ins-gida-tekstil-mak-turz-san-ve-tic-ltd-sti/" />
<meta property="og:locale" content="en_US" />
<meta property="og:type" content="article" />
<meta property="og:title" content="[:tr]YUSUF ABİŞ İNŞ.GIDA.TEKSTİL.MAK.TURZ.SAN VE TİÇ.LTD.ŞTİ [:] - İZELTAŞ" />
<meta property="og:description" content="Sorry, this entry is only available in TR. Eskikale Midyat Cad. Üzeri No:27 47200 05425224754" />
<meta property="og:url" content="https://izeltas.com.tr/bayiler/yusuf-abis-ins-gida-tekstil-mak-turz-san-ve-tic-ltd-sti/" />
<meta property="og:site_name" content="İZELTAŞ" />
<meta name="twitter:card" content="summary_large_image" />
<script type="application/ld+json" class="yoast-schema-graph">{"@context":"https://schema.org","@graph":[{"@type":"WebPage","@id":"https://izeltas.com.tr/bayiler/yusuf-abis-ins-gida-tekstil-mak-turz-san-ve-tic-ltd-sti/","url":"https://izeltas.com.tr/bayiler/yusuf-abis-ins-gida-tekstil-mak-turz-san-ve-tic-ltd-sti/","name":"[:tr]YUSUF ABİŞ İNŞ.GIDA.TEKSTİL.MAK.TURZ.SAN VE TİÇ.LTD.ŞTİ [:] - İZELTAŞ","isPartOf":{"@id":"https://izeltas.com.tr/#website"},"datePublished":"2025-01-21T07:06:13+00:00","breadcrumb":{"@id":"https://izeltas.com.tr/bayiler/yusuf-abis-ins-gida-tekstil-mak-turz-san-ve-tic-ltd-sti/#breadcrumb"},"inLanguage":"en-US","potentialAction":[{"@type":"ReadAction","target":["https://izeltas.com.tr/bayiler/yusuf-abis-ins-gida-tekstil-mak-turz-san-ve-tic-ltd-sti/"]}]},{"@type":"BreadcrumbList","@id":"https://izeltas.com.tr/bayiler/yusuf-abis-ins-gida-tekstil-mak-turz-san-ve-tic-ltd-sti/#breadcrumb","itemListElement":[{"@type":"ListItem","position":1,"name":"Anasayfa","item":"https://izeltas.com.tr/"},{"@type":"ListItem","position":2,"name":"Bayiler","item":"https://izeltas.com.tr/bayiler/"},{"@type":"ListItem","position":3,"name":"YUSUF ABİŞ İNŞ.GIDA.TEKSTİL.MAK.TURZ.SAN VE TİÇ.LTD.ŞTİ"}]},{"@type":"WebSite","@id":"https://izeltas.com.tr/#website","url":"https://izeltas.com.tr/","name":"İZELTAŞ","description":"İZMİR EL ALETLERİ SANAYİ VE TİCARET AŞ","publisher":{"@id":"https://izeltas.com.tr/#organization"},"potentialAction":[{"@type":"SearchAction","target":{"@type":"EntryPoint","urlTemplate":"https://izeltas.com.tr/?s={search_term_string}"},"query-input":{"@type":"PropertyValueSpecification","valueRequired":true,"valueName":"search_term_string"}}],"inLanguage":"en-US"},{"@type":"Organization","@id":"https://izeltas.com.tr/#organization","name":"İZELTAŞ","url":"https://izeltas.com.tr/","logo":{"@type":"ImageObject","inLanguage":"en-US","@id":"https://izeltas.com.tr/#/schema/logo/image/","url":"https://izeltas.com.tr/wp-content/uploads/2020/12/izeltas-logo.svg","contentUrl":"https://izeltas.com.tr/wp-content/uploads/2020/12/izeltas-logo.svg","width":1,"height":1,"caption":"İZELTAŞ"},"image":{"@id":"https://izeltas.com.tr/#/schema/logo/image/"}}]}</script>
<!-- / Yoast SEO plugin. -->

[:tr]YUSUF ABİŞ İNŞ.GIDA.TEKSTİL.MAK.TURZ.SAN VE TİÇ.LTD.ŞTİ [:] - İZELTAŞ

Sorry, this entry is only available in TR. Eskikale Midyat Cad. Üzeri No:27 47200 05425224754

İZELTAŞ

İZMİR EL ALETLERİ SANAYİ VE TİCARET AŞ
